is 58185 (base 9) in base 13?
14873
759 (base 15) to base 8
3173
Convert -110000 (base 3) to base 13.
-1bc
62 (base 15) to base 13
71
173 (base 10) to base 11
148
-c217 (base 13) to base 16
-6862
What is 33451 (base 6) in base 3?
20110111
Convert -11 (base 14) to base 7.
-21
What is 1b (base 16) in base 10?
27
Convert 6410 (base 9) to base 14.
1a03
1273c (base 14) to base 9
68156
What is -192e (base 16) in base 14?
-24c6
2618 (base 11) to base 9
4605
What is -10223 (base 5) in base 8?
-1260
What is -1012 (base 4) in base 3?
-2121
121311 (base 6) to base 9
15607
38727 (base 9) to base 3
1022210221
What is 1e16 (base 15) in base 4?
1212102
-1ca (base 16) to base 4
-13022
4050 (base 6) to base 8
1576
-105131 (base 6) to base 12
-51a7
Convert -43150 (base 10) to base 16.
-a88e
1162 (base 9) to base 15
3cb
What is 523b (base 15) in base 4?
10033211
-1dd5 (base 14) to base 6
-41211
What is 18346 (base 11) in base 10?
25702
-320e (base 15) to base 9
-15465
What is 21430 (base 6) in base 11?
2260
What is -3245 (base 11) in base 16?
-10bc
-bac (base 13) to base 5
-31001
Convert 4587 (base 9) to base 12.
1b74
Convert -2660 (base 11) to base 12.
-1bba
What is 1101200010 (base 3) in base 5?
1334322
What is 2c4 (base 14) in base 10?
564
What is -2641 (base 9) in base 8?
-3675
Convert 31011 (base 4) to base 3.
1011000
What is 6b89 (base 13) in base 3?
202210021
What is -1972 (base 10) in base 5?
-30342
What is -30412 (base 8) in base 9?
-18188
Convert -2c5 (base 14) to base 2.
-1000110101
What is 220332 (base 4) in base 5?
40442
Convert 10433 (base 5) to base 9.
1015
What is 331303 (base 5) in base 9?
16635
-9161 (base 14) to base 8
-60621
-1324 (base 14) to base 6
-23324
What is 5d8 (base 14) in base 9?
1540
Convert -82d (base 15) to base 16.
-733
Convert 783d (base 15) to base 7.
134203
Convert -122 (base 12) to base 3.
-20022
Convert 61674 (base 9) to base 3.
2001202111
110021 (base 3) to base 4
11023
What is -2374 (base 14) in base 10?
-6178
What is -1012301 (base 4) in base 16?
-11b1
-793 (base 10) to base 3
-1002101
Convert -452 (base 11) to base 16.
-21d
What is 2121 (base 6) in base 14?
265
Convert 185 (base 15) to base 9.
428
Convert 201 (base 5) to base 9.
56
Convert 42621 (base 7) to base 10.
10599
3860b (base 12) to base 13
2900c
17914 (base 12) to base 5
2043034
181 (base 12) to base 8
361
What is -4578 (base 11) in base 12?
-3592
14446 (base 7) to base 12
2397
Convert 1100111010 (base 2) to base 3.
1010121
Convert -13074 (base 8) to base 5.
-140232
Convert 1455 (base 8) to base 15.
393
What is -2670 (base 12) in base 14?
-1868
Convert 1111101001 (base 2) to base 11.
830
Convert 10876 (base 9) to base 6.
53410
-2441242 (base 5) to base 4
-23111233
What is -10201 (base 4) in base 14?
-169
101041 (base 5) to base 9
4434
What is -414434 (base 5) in base 2?
-11010110110000
Convert -5ed (base 15) to base 12.
-944
What is 11011101101 (base 2) in base 14?
909
Convert 132014 (base 5) to base 7.
21222
What is 1839 (base 15) in base 3?
21011200
-32344 (base 8) to base 13
-6217
Convert 300 (base 4) to base 16.
30
2644 (base 10) to base 16
a54
-1010110000110011 (base 2) to base 6
-540031
Convert -298 (base 16) to base 9.
-817
1111 (base 4) to base 6
221
-72 (base 12) to base 8
-126
-1c5c (base 13) to base 9
-5810
Convert -3122 (base 7) to base 10.
-1094
Convert -565 (base 13) to base 6.
-4144
-24d (base 16) to base 5
-4324
What is -12201 (base 5) in base 2?
-1110011110
3625 (base 7) to base 6
10114
10011101011 (base 2) to base 6
5455
Convert -1ba (base 15) to base 11.
-334
Convert 2744 (base 8) to base 14.
79a
355 (base 11) to base 6
1543
What is 12245 (base 7) in base 3?
11102012
Convert 100020 (base 3) to base 7.
504
-1816 (base 13) to base 9
-4804
-100111010 (base 2) to base 7
-626
-6653 (base 12) to base 4
-2300133
1d1 (base 16) to base 10
465
What is -7511 (base 8) in base 14?
-15d7
Convert d794 (base 16) to base 15.
11543
-13304 (base 10) to base 5
-411204
118 (base 10) to base 12
9a
Convert 4353 (base 7) to base 9.
2120
Convert -1285 (base 14) to base 6.
-23021
573 (base 13) to base 15
429
13044 (base 5) to base 14
532
Convert 110000101000011 (base 2) to base 3.
1021011012
-17779 (base 14) to base 8
-163337
What is -5200 (base 9) in base 12?
-2253
Convert -8109 (base 15) to base 11.
-19509
Convert 11110110 (base 3) to base 7.
12324
-4225 (base 6) to base 4
-32321
Convert -10211220 (base 3) to base 6.
-20553
Convert 55262 (base 7) to base 2.
11011000100110
7f8 (base 16) to base 15
910
Convert -196 (base 13) to base 7.
-565
What is 10320332 (base 4) in base 5?
1120110
87 (base 10) to base 14
63
Convert 10320333 (base 4) to base 14.
742b
Convert -123 (base 15) to base 4.
-10002
Convert -291 (base 11) to base 3.
-110200
-697 (base 14) to base 3
-1210111
What is 1ab (base 14) in base 9?
425
1238 (base 11) to base 2
11001001110
What is -256b2 (base 12) in base 16?
-c7a6
-d6d (base 16) to base 15
-1042
-36288 (base 11) to base 16
-cc17
Convert 1058 (base 11) to base 7.
4031
What is 7637 (base 8) in base 15?
12b9
Convert 26b3 (base 15) to base 6.
102140
23553 (base 6) to base 2
110101111101
What is -b63 (base 14) in base 4?
-203003
What is -327 (base 8) in base 3?
-21222
What is -1210102 (base 3) in base 13?
-797
Convert -872 (base 9) to base 7.
-2036
What is -1000 (base 4) in base 14?
-48
What is -100010100100011 (base 2) in base 15?
-539e
-467 (base 9) to base 15
-1aa
-11125 (base 9) to base 10
-7394
Convert -13d (base 15) to base 2.
-100011011
What is 46a0 (base 16) in base 7?
103466
Convert 1323302 (base 5) to base 13.
c200
Convert -655 (base 8) to base 10.
-429
What is -205352 (base 7) in base 12?
-18675
-130 (base 13) to base 10
-208
Convert 154 (base 14) to base 3.
101000
Convert 23010 (base 6) to base 12.
1a66
What is 9bb5 (base 16) in base 14?
10753
1420 (base 6) to base 14
1c8
-2913 (base 12) to base 2
-1001010011111
What is 1100001001 (base 2) in base 12?
549
-312 (base 7) to base 8
-234
Convert -561 (base 10) to base 4.
-20301
333 (base 10) to base 14
19b
What is 339 (base 12) in base 5?
3402
-6650 (base 7) to base 4
-211103
-145 (base 14) to base 7
-515
1bcc (base 15) to base 6
43550
-374 (base 11) to base 3
-121110
-121201 (base 4) to base 2
-11001100001
What is -15545 (base 7) in base 2?
-1000100101010
What is -c6c (base 13) in base 4?
-201012
1137 (base 9) to base 5
11334
122211 (base 3) to base 12
341
What is -1262 (base 10) in base 16?
-4ee
11122112 (base 3) to base 16
d3d
-2669 (base 12) to base 2
-1000100110001
What is 1b0 (base 14) in base 4?
11132
Convert -1153110 (base 6) to base 16.
-f0a2
Convert -2561 (base 8) to base 12.
-981
What is 212120 (base 3) in base 6?
2540
-3067 (base 8) to base 11
-1217
-6858 (base 11) to base 4
-2030321
What is -213 (base 7) in base 9?
-130
Convert -423 (base 11) to base 3.
-200212
-10221 (base 6) to base 2
-10101100101
-1b1 (base 12) to base 2
-100010101
What is -4542 (base 11) in base 8?
-13527
What is 133332 (base 4) in base 2?
11111111110
Convert -331 (base 14) to base 9.
-771
-104146 (base 8) to base 6
-425354
31da (base 14) to base 9
12737
2053 (base 6) to base 14
253
What is -499 (base 12) in base 15?
-313
What is 25b (base 12) in base 8?
547
What is 1221 (base 11) in base 10?
1596
353 (base 6) to base 9
166
What is -1f5 (base 16) in base 3?
-200120
Convert 127 (base 9) to base 3.
10221
What is 111011000000110 (base 2) in base 11?
20778
What is 6451 (base 14) in base 13?
7b63
Convert -1204 (base 6) to base 16.
-124
Convert 284 (base 13) to base 6.
2022
What is -213542 (base 7) in base 2?
-1001000111000111
-15de (base 16) to base 14
-207c
403131 (base 5) to base 16
3274
aaa6 (base 12) to base 8
44636
-492 (base 16) to base 5
-14140
Convert 114213 (base 5) to base 7.
15363
Convert 28a (base 13) to base 14.
244
Convert 1623 (base 7) to base 12.
466
Convert -1294 (base 10) to base 13.
-787
Convert 4470 (base 8) to base 7.
6611
What is -1759 (base 10) in base 15?
-7c4
-25 (base 8) to base 10
-21
1001100111001010 (base 2) to base 14
104c2
Convert 240b (base 13) to base 15.
178b
-4e0 (base 16) to base 11
-a35
-713 (base 13) to base 9
-1572
Convert 2801 (base 16) to base 15.
307b
Convert 3b67 (base 12) to base 7.
25651
Convert -60ac (base 15) to base 7.
-113340
Convert ab (base 14) to base 10.
151
Wh